l. What is the remainder when l is divided by (-24 + -41)/13 + 24?
15
Let a = -120 + -8. What is the remainder when 108 is divided by (160/a)/((-1)/20)?
8
Let y(g) = -g**2 + 60*g + 1240. What is the remainder when 159 is divided by y(-16)?
15
What is the remainder when 827 is divided by (191 + -162)/((-2)/(-14))?
15
Let l = 457 - 192. Suppose 0 = 9*v - 140 - l. Let z(y) = -2*y**3 + 2*y**2 + y + 2. What is the remainder when v is divided by z(-2)?
21
Suppose 6*c + 17 = -19. Let t(k) = 16*k**2 + 55*k - 1. Calculate the remainder when t(c) is divided by 6.
5
Suppose -98*q = 38*q - 3536. Calculate the remainder when 525 is divided by q.
5
Suppose 4*p = 9*p - 445. Suppose a - 6*h = -h + 58, 3*a = -2*h + p. Calculate the remainder when 162 is divided by a.
30
Suppose 5*x - 3 = 6*x, 0 = -4*l + 28*x + 804. Let c = 37 - -27. What is the remainder when l is divided by c?
52
Let d be 13 - (0 + 12 + -5). Suppose l - 4*i - 18 = 0, l - 3*i - d - 11 = 0. What is the remainder when 193 is divided by l?
11
Let o(v) = -v**3 - 14*v**2 - 27*v - 31. Let a be o(-12). Suppose -3*c - 80 = -a*c. What is the remainder when 315 is divided by c?
35
Let r = 952 - 962. Calculate the remainder when (-620)/(-14) - 2/7 is divided by r*(5 - (5 - -2)).
4
Let i = 240 + -232. Suppose -i*t = -21*t + 273. Calculate the remainder when -2*3*20/(-3) is divided by t.
19
Calculate the remainder when -5*((-26)/(-169)*13 - 259/5) is divided by 42.
39
Suppose 2*x + 3*g = -2, 0 = -2*x + 4*g - 0 + 12. Suppose 0 = 5*a + 4*j - 74, x*a - j - 13 = a. Calculate the remainder when 124 is divided by a.
12
Suppose 4*w = n + 15, 4*n = 3*w + 2 + 3. Calculate the remainder when 175/35*39/n is divided by 3.
0
Let a(l) = 15*l + 73. Let p be a(-5). Calculate the remainder when 49 is divided by (-21)/(-42) + p/4 + 13.
10
Suppose -23*j + 2287 = -542. Calculate the remainder when 3318 is divided by j.
120
Let x be (-9718)/129*(-6)/(-4). Let m = x - -440. What is the remainder when m is divided by 41?
40
Suppose -146*y + 1261 - 1170 = -2391. Let z = -125 - -307. Suppose -5*o + z + 153 = 0. What is the remainder when o is divided by y?
16
Let d = 124 + -119. Suppose d*k = 225 - 10. What is the remainder when k is divided by 11?
10
Let o be (1 - 0) + (2 - 15) + -61. Let x = o + 123. Calculate the remainder when x is divided by 27.
23
Suppose -4*w = 2*r + 2*r - 8, 0 = -w - 2. Calculate the remainder when 82 is divided by (-7)/(r - 85/20) + -4.
10
Let v(s) = -21*s**3 + s + 2. Let y(r) = r**2 - 22*r + 9. Let i be y(22). Suppose 2*b - i*b = 7. Calculate the remainder when 43 is divided by v(b).
21
Suppose -23416 = -673*u + 74169. Calculate the remainder when 495 is divided by u.
60
Let n(u) = -2*u**3 - 9*u**2 - 7*u - 40. Let t be n(-8). Let r = -213 + t. Calculate the remainder when r is divided by 36.
35
Suppose -23*y - 434 + 3838 = 0. Let b = 212 - y. Calculate the remainder when 124 is divided by b.
60
Let t(p) = -p**3 + 6*p**2 + 6*p + 9. Let b = 667 + -669. What is the remainder when (-1062)/(-236) - b/(-4) is divided by t(7)?
0
Let d(z) = -4*z**2 + 12*z - 37. Let u be d(7). Let h = -94 - u. Calculate the remainder when 327 is divided by h.
52
Calculate the remainder when 721 is divided by 119 - 19 - -10 - 5.
91
Suppose -226*n + 261*n = 2835. Calculate the remainder when 324 is divided by n.
0
Suppose 5*i - 5*q - 225 = 0, 0*i - 3*q - 53 = -i. Suppose c - i - 106 = 0. Calculate the remainder when c is divided by 22.
15
Suppose 31*i + 756 - 4125 = 2366. What is the remainder when 367 is divided by i?
182
Let v(y) = y**3 + 5*y**2 - 16*y + 5. Let w be v(-7). Let q = 26 - w. Let z = q + 4. Calculate the remainder when z is divided by 6.
5
Suppose 941 + 573 = 21*i - 40. What is the remainder when i is divided by 7?
4
Suppose 4*l + 12 = 4*c + l, 3*c - 26 = -2*l. What is the remainder when 32/3*3/8*c is divided by 4?
0
Let c(a) = 2*a**2 - 3. What is the remainder when (5/9)/((-53)/(-5247)) is divided by c(4)?
26
Suppose -2*d = n + 2*d + 12, -5*d = -3*n + 49. Let p(j) = -1 + n*j - 4 - 6*j - 6*j. Calculate the remainder when 42 is divided by p(-4).
9
Suppose -4*i - 124 = 4*m, -5*m + 5*i = 2*i + 131. Let a = m + 58. Suppose 15*k = 14*k + a. Calculate the remainder when k is divided by 11.
8
Suppose -20*v - 275 = -15. Calculate the remainder when 37 is divided by v*(-2 - (-1)/1).
11
Suppose -4*p + 42*p - 1444 = -38. What is the remainder when 848 is divided by p?
34
What is the remainder when (-8 + -2 - 2)/((-2)/23) is divided by 36?
30
Let d(y) = 14*y + 2*y**2 + 4651 - 4614 - 3*y**2. Let p be d(16). Suppose 6*s - 7*s + 14 = u, p*s - 3*u - 30 = 0. What is the remainder when 14 is divided by s?
5
Let n be -3 - 0 - (-15 - -8). Suppose -5*c + 5 = -4*l, -2*l = 91*c - 87*c - 30. Calculate the remainder when (-45 - 0)*n/(-10) is divided by l.
3
Suppose 91*i - 87*i = -65*i + 1932. What is the remainder when 213 is divided by i?
17
Let k = 44163 + -43655. Calculate the remainder when 1591 is divided by k.
67
Let f(h) = 2*h**2 + 19*h + 12. Calculate the remainder when 252 is divided by f(-9).
0
Let l = 36 - 34. Suppose -2*f - 24 = 4*r - l, 2*r = 2*f - 20. Calculate the remainder when -8 + 12 + r/1 + 47 is divided by 16.
12
Let l be (-41)/(-1)*(-29 - -35). Suppose -5*y + 232 = 2*m, -9*m - l = -11*m + 2*y. What is the remainder when m is divided by 25?
21
Calculate the remainder when 1 + 70/(-60) - ((-48657)/18 + 5) is divided by 108.
106
Suppose 0 = h - 32 - 152. What is the remainder when h is divided by 37?
36
Suppose -102 = 4*a - 7*a. Suppose -2*r - 5*p + a = -0*r, 0 = 4*p - 16. Suppose r*d - 351 = -2*d. What is the remainder when d is divided by 12?
3
Let h(i) be the third derivative of i**4/24 + 15*i**3/2 + 17*i**2. Let r be h(0). Suppose 2*x - r = -1. Calculate the remainder when x is divided by 6.
4
Let t = -1 - -2. What is the remainder when (t - 5) + 1/((-5)/(-310)) is divided by 10?
8
Let t = -2563 + 3780. What is the remainder when t is divided by 26?
21
Let w(n) = 53*n. Let t = -95694 - -95726. What is the remainder when w(2) is divided by t?
10
Let c = -122 + 126. Suppose c*s - 2*y - 48 - 20 = 0, 10 = 5*y. What is the remainder when 107 is divided by s?
17
Suppose -34*n + 6 = -36*n, 4*n = -l + 928. Calculate the remainder when 2828 is divided by l.
8
Let x(c) = 5*c - 10. Let s be x(2). Suppose -g + 288 = 3*g - 4*m, s = -5*g + m + 368. Let b = g + -59. What is the remainder when 147 is divided by b?
12
Suppose 11678 = 23*n - 4606. Let o = n - 691. Calculate the remainder when 200 is divided by o.
13
Suppose 0 = 7*f - 477 - 1147. Let u = 262 - f. Calculate the remainder when 57 is divided by u.
27
Let d = -4256 + 4324. Calculate the remainder when 191 is divided by d.
55
Let x(w) = -102*w - 119. Calculate the remainder when 253 is divided by x(-2).
83
Suppose -7*h - 1661 + 1966 = -2628. Calculate the remainder when h is divided by 86.
75
Suppose -37*b - 33*b - 1360 = -87*b. What is the remainder when 1916 is divided by b?
76
Suppose 1592*d = 1665*d - 4234. Let m(p) = 0 + 0 + 3*p + 2. What is the remainder when d is divided by m(6)?
18
Suppose 79*x = -8*x + 15*x + 4104. Calculate the remainder when 165 is divided by x.
51
Let k(g) = 4*g**2 + 2*g - 2. Let y be k(-3). Let t be 86/(-8) - (-15)/(-60). Let n = y - t. Calculate the remainder when n is divided by 10.
9
Suppose 4*x - 10*y - 160 = -8*y, 12 = x - 4*y. What is the remainder when 1932 is divided by x?
40
Suppose 1304 = 5*i - 3*g, 5*i + 3*g = -1269 + 2585. What is the remainder when i is divided by 72?
46
Let s = 5919 - 5741. Calculate the remainder when 199 is divided by s.
21
Suppose 4*c - 2*x = 2090, -5*c = -9*c - 4*x + 2072. Calculate the remainder when c is divided by 22.
15
Let h = 89 + -81. Suppose 15*x = h*x + 413. Let t = 7 - -23. What is the remainder when x is divided by t?
29
What is the remainder when 2768 is divided by (-26)/(((-378)/477)/21)?
12
Let v = 178 - -109. Suppose -v = -2*l + 10*k - 11*k, 147 = l + 4*k. What is the remainder when l is divided by 21?
17
Let f(b) = -61*b + 1. Let u = -33 + 34. Let n be f(u). Let h = n - -77. What is the remainder when 82 is divided by h?
14
Let a = 324 - 134. Suppose 5*g = 5*f + 2*g - a, -f = g - 38. Suppose 5*h - 1009 = -74. What is the remainder when h is divided by f?
35
Let x be 0 - ((-67)/4)/((-2)/(-8)).